ivided by 693.
265
What is the remainder when 13008 is divided by 360?
48
Calculate the remainder when 36102 is divided by 18037.
28
What is the remainder when 2350903 is divided by 48?
7
What is the remainder when 3819 is divided by 133?
95
Calculate the remainder when 86534 is divided by 43251.
32
What is the remainder when 17139 is divided by 5671?
126
Calculate the remainder when 35913 is divided by 151.
126
What is the remainder when 5036 is divided by 333?
41
Calculate the remainder when 189309 is divided by 18.
3
What is the remainder when 1248 is divided by 19?
13
What is the remainder when 609023 is divided by 976?
975
Calculate the remainder when 48281 is divided by 92.
73
What is the remainder when 27299 is divided by 455?
454
Calculate the remainder when 21871 is divided by 547.
538
Calculate the remainder when 42539 is divided by 1380.
1139
What is the remainder when 177648 is divided by 13?
3
What is the remainder when 471500 is divided by 255?
5
Calculate the remainder when 1161 is divided by 375.
36
Calculate the remainder when 74033 is divided by 257.
17
Calculate the remainder when 23667 is divided by 11786.
95
Calculate the remainder when 37271 is divided by 327.
320
What is the remainder when 5379 is divided by 349?
144
What is the remainder when 2642 is divided by 1321?
0
What is the remainder when 317 is divided by 105?
2
What is the remainder when 439235 is divided by 1327?
1325
Calculate the remainder when 233849 is divided by 288.
281
What is the remainder when 29815 is divided by 42?
37
Calculate the remainder when 792778 is divided by 73.
71
Calculate the remainder when 2966591 is divided by 3.
2
Calculate the remainder when 7498349 is divided by 9.
8
What is the remainder when 261228 is divided by 53?
44
Calculate the remainder when 6981 is divided by 9.
6
What is the remainder when 2062423 is divided by 52?
51
What is the remainder when 63207 is divided by 38?
13
What is the remainder when 4287 is divided by 9?
3
Calculate the remainder when 20368 is divided by 971.
948
What is the remainder when 582847 is divided by 16?
15
Calculate the remainder when 766391 is divided by 8.
7
Calculate the remainder when 4782 is divided by 2391.
0
What is the remainder when 55149 is divided by 277?
26
Calculate the remainder when 8800 is divided by 26.
12
What is the remainder when 2330 is divided by 2307?
23
What is the remainder when 14730 is divided by 975?
105
What is the remainder when 57122 is divided by 5?
2
Calculate the remainder when 4669 is divided by 25.
19
What is the remainder when 111535 is divided by 330?
325
Calculate the remainder when 144213 is divided by 48018.
159
Calculate the remainder when 283895 is divided by 231.
227
Calculate the remainder when 333220 is divided by 184.
180
What is the remainder when 437852 is divided by 32?
28
Calculate the remainder when 40449 is divided by 114.
93
What is the remainder when 64019 is divided by 22?
21
What is the remainder when 35825 is divided by 41?
32
What is the remainder when 38609 is divided by 133?
39
Calculate the remainder when 17957 is divided by 40.
37
What is the remainder when 1410 is divided by 141?
0
Calculate the remainder when 13300 is divided by 135.
70
What is the remainder when 1313 is divided by 12?
5
What is the remainder when 23237 is divided by 11457?
323
What is the remainder when 4704 is divided by 40?
24
What is the remainder when 10239 is divided by 185?
64
Calculate the remainder when 9217965 is divided by 362.
359
What is the remainder when 1160 is divided by 228?
20
What is the remainder when 12754 is divided by 1822?
0
Calculate the remainder when 252280 is divided by 126127.
26
Calculate the remainder when 6422 is divided by 6190.
232
What is the remainder when 33209 is divided by 4738?
43
What is the remainder when 2908579 is divided by 51?
49
What is the remainder when 350096 is divided by 214?
206
Calculate the remainder when 4229 is divided by 210.
29
What is the remainder when 5033 is divided by 1491?
560
Calculate the remainder when 1382 is divided by 47.
19
What is the remainder when 6754649 is divided by 147?
146
Calculate the remainder when 1877 is divided by 157.
150
What is the remainder when 61899 is divided by 171?
168
What is the remainder when 2292 is divided by 103?
26
What is the remainder when 79965 is divided by 147?
144
Calculate the remainder when 18818 is divided by 51.
50
What is the remainder when 12290 is divided by 1?
0
What is the remainder when 67738 is divided by 1992?
10
What is the remainder when 69879 is divided by 208?
199
What is the remainder when 867 is divided by 16?
3
Calculate the remainder when 4730 is divided by 1573.
11
What is the remainder when 414 is divided by 53?
43
What is the remainder when 46885 is divided by 100?
85
Calculate the remainder when 44529 is divided by 36.
33
What is the remainder when 1077639 is divided by 274?
271
Calculate the remainder when 2716 is divided by 7.
0
What is the remainder when 7849 is divided by 9?
1
Calculate the remainder when 27267 is divided by 135.
132
Calculate the remainder when 4912 is divided by 183.
154
What is the remainder when 400241 is divided by 43?
40
Calculate the remainder when 20511 is divided by 6830.
21
What is the remainder when 136847 is divided by 14?
11
Calculate the remainder when 129527 is divided by 512.
503
Calculate the remainder when 1800 is divided by 115.
75
What is the remainder when 5707 is divided by 1898?
13
What is the remainder when 32809 is divided by 10?
9
Calculate the remainder when 2595 is divided by 630.
75
Calculate the remainder when 690610 is divided by 156.
154
Calculate the remainder when 1270 is divided by 204.
46
What is the remainder when 401 is divided by 27?
23
What is the remainder when 114045 is divided by 27?
24
What is the remainder when 76861 is divided by 9607?
5
What is the remainder when 7760 is divided by 7741?
19
Calculate the remainder when 50839 is divided by 5638.
97
Calculate the remainder when 185478 is divided by 177.
159
Calculate the remainder when 203436 is divided by 15.
6
Calculate the remainder when 220431 is divided by 184.
183
What is the remainder when 68295 is divided by 142?
135
Calculate the remainder when 3456 is divided by 382.
18
What is the remainder when 263947 is divided by 24?
19
Calculate the remainder when 2125 is divided by 158.
71
What is the remainder when 73743 is divided by 49?
47
What is the remainder when 4582 is divided by 2069?
444
Calculate the remainder when 41325 is divided by 530.
515
What is the remainder when 2279 is divided by 185?
59
What is the remainder when 2207 is divided by 189?
128
What is the remainder when 21663 is divided by 439?
152
Calculate the remainder when 305252 is divided by 237.
233
Calculate the remainder when 231314 is divided by 12.
2
Calculate the remainder when 289 is divided by 157.
132
Calculate the remainder when 303552 is divided by 68.
0
What is the remainder when 4375 is divided by 314?
293
Calculate the remainder when 8986 is divided by 219.
7
What is the remainder when 471518 is divided by 5547?
23
What is the remainder when 19391 is divided by 141?
74
Calculate the remainder when 342503 is divided by 426.
425
What is the remainder when 12474 is divided by 137?
7
What is the remainder when 91965 is divided by 2478?
279
Calculate the remainder when 12915 is divided by 498.
465
Calculate the remainder when 130150 is divided by 6507.
10
What is the remainder when 711172 is divided by 439?
431
Calculate the remainder when 22727 is divided by 22524.
203
What is the remainder when 11890 is divided by 399?
319
What is the remainder when 532373 is divided by 149?
145
Calculate the remainder when 135962 is divided by 45318.
8
What is the remainder when 3427978 is divided by 856994?
2
What is the remainder when 11390 is divided by 50?
40
What is the remainder when 2273226 is divided by 46?
44
Calculate the remainder when 2794 is divided by 570.
514
Calculate the remainder when 37209 is divided by 71.
5
What is the remainder when 49881 is divided by 182?
13
What is the remainder when 13105 is divided by 328?
313
Calculate the remainder when 2380 is divided by 868.
644
What is the remainder when 10610 is divided by 3514?
68
C